6 - 10 - 3 - ((12 - 0) + 2)
-11
What is 1 + 20 - (-46 + 12 - -33)?
22
Evaluate -42 + 38 + (-2 + 0 - 0) + 0.
-6
What is (-55 - -27) + (7 - -2) - -3?
-16
Evaluate 20 - ((13 - -7) + 3).
-3
What is -15 + 30 + -12 + (0 - 7)?
-4
-6 - ((1 - 2 - -1) + 0)
-6
What is the value of -216 - -199 - (-2 + -10 + 0)?
-5
Calculate -4 - (-3 + 11) - (-1 - (-16 + 46)).
19
Calculate -6 - (18 - (42 - 34)).
-16
What is the value of 22 + 2 + 5 + -15 - 2?
12
What is the value of -5 + 3 + 1 + -4 - -7?
2
What is (6 - 1 - -3) + -27 + 9?
-10
Evaluate -4 + 1 + 1 - (-23 - -23).
-2
-4 - (1 - 6) - (15 + 1)
-15
What is the value of (-32 + 9 - -10) + 11 + 15 + -1?
12
2 + 13 + -34 - ((-11 - -4) + 5)
-17
-500 + 490 + (1 + -2 + -1 - 0)
-12
Calculate 0 + (-5 - 6) + 13.
2
Calculate (13 - 27 - -23) + (-3 - 1).
5
What is 38 + -44 - (6 - (18 - -2))?
8
What is -5 + (2 - (3 + -2)) + -25 + 22?
-7
What is 6 - ((9 - 15) + 0)?
12
What is the value of -2 + 4 - (-11 + (12 - 1) + 3)?
-1
Evaluate -5 + (-7 + 4 + 49 - 19).
22
What is the value of -15 - -33 - 15 - 4?
-1
(-124 - -122 - (0 - 1)) + -1
-2
What is 0 + 33 - 16 - 7?
10
Evaluate -4 + -13 + -16 + 35.
2
Calculate -16 - ((1 - 0) + (19 + -53 - -30)).
-13
What is the value of -38 - -20 - -2 - -36?
20
Evaluate 6 - (-11 + 1 + (-19 - 8) + 20).
23
What is -2 - (6 - 8 - -3 - 19)?
16
Calculate 1 + -4 + 32 + (-12 - (5 + -19)).
31
Calculate 45 - (-19 - (-7 + -40)).
17
What is (-8 + 2 + -13 + 6 - 10) + 4?
-19
47 - 29 - 32 - -13
-1
What is the value of (26 - 39) + (13 + -2 - -7)?
5
What is the value of 10 - (-5 + 40 + -19)?
-6
Evaluate 13 + (0 - -1) + -13.
1
Evaluate (0 - 3) + (33 - 32).
-2
Calculate (10 - (11 - -6)) + (0 - 3).
-10
What is 8 + -13 + -15 - (1 + 13 + -5)?
-29
(0 - 1) + (39 - 44) + 38
32
What is -5 - ((-8 - 0) + (9 - 19) + 13)?
0
What is the value of (-3 - -9) + (31 - 53)?
-16
77 + -58 - (3 + -1 - 4)
21
(31 - (16 - 12)) + 7 + -18
16
What is -8 + 3 + 4 - (-2 - -2 - -4)?
-5
Evaluate -62 + 52 + (-1 + 4 - 1) - 7.
-15
What is 3 + (47 - 17) + -50?
-17
What is 11 + 0 + -368 + 352 + 36?
31
What is -2 - (-13 - (4 - 21))?
-6
What is (90 + -82 - 18) + (35 - -1)?
26
What is 3 - (0 - -11) - (2 + -27 + 0)?
17
Calculate -15 + (0 + 2 - -7 - (-198 - -211)).
-19
Calculate -3 + 40 + -5 + -12.
20
Calculate (-19 - -1) + (-94 + -4 - -135).
19
What is the value of 18 + -3 + -1 + (-125 - -101)?
-10
(1 - -17) + (38 - 28) + -7
21
What is the value of -3 + 0 + -10 - -3 - 0?
-10
What is 17 + -2 - (24 + -6)?
-3
Calculate 9 - (-2 - -2) - (167 - 175).
17
What is the value of 5 + -8 + 6 + (5 - -2)?
10
What is the value of 5 + (8 + -7 - -2 - 20)?
-12
(4 + -6 + 2 + 2 - -6) + -24
-16
Evaluate 6 - 7 - (-31 + 13).
17
16 - ((-13 - -29) + -6) - (2 + 1)
3
Calculate (-4 - -2) + -3 + -1 + (2 - -15).
11
47 + -40 - ((-3 - -2) + 1 - -1)
6
Calculate (-10 - -2) + (4 - 4).
-8
-6 + 5 + -1 + 2 + 5 - -6
11
Evaluate 45 + 1 + -48 + 23.
21
What is the value of 23 - 18 - ((6 - 10) + 1) - -6?
14
Calculate -1 - -6 - (0 + 9 + -3).
-1
What is (-15 - 1) + (-38 - (-72 - 15))?
33
Evaluate (37 - -2) + (23 + -20 - 7).
35
Evaluate -3 - ((-9 - (-10 + 20)) + 0 + -10).
26
Evaluate 64 - 85 - (13 + -17).
-17
8 + -15 + -3 - (1 - (0 - -1))
-10
4 + (-2 - -11) - 15
-2
-1 + 2 - (32 - 58) - 10
17
-4 + 20 + (7 - 16) + -1
6
What is the value of 0 - (1 - (0 - (1 - -5)))?
-7
Evaluate -1388 - -1414 - (0 + 1 - -5).
20
Evaluate 19 + -11 + (28 + -26 - (2 + -3)).
11
What is (1 + 3 - 1) + 1 + 0 + -7?
-3
39 + -45 - (-14 + 4)
4
Evaluate (10 - (15 - 15)) + (3 - (2 + -1)).
12
Calculate 124 + -130 - (6 - (-1 - -1)).
-12
Calculate -1 + -6 - (234 - 249).
8
What is the value of (-18 - -16 - (-1 - 1)) + (-11 - -4)?
-7
What is (-14 - -6) + (-2 - -3)?
-7
What is the value of -8 + (5 + -12 - 4 - (-19 + 9))?
-9
Evaluate 15 - (-11 - -13) - (7 + -1) - -1.
8
What is -19 - (7 + 7 + -4 + (0 - 7))?
-22
What is -13 - (-63 + 53 - (-6 + 0))?
-9
-17 + 0 + 5 + -3 + -6 + 6
-15
Calculate 29 + -48 + 36 + (1 - 8).
10
What is 9 + (6 - -3) + (-5 - -4) + -7?
10
What is the value of (0 - 0) + (315 - 312) + -1 + -8?
-6
What is (-3 - 2 - -2 - (-13 + 20)) + 3?
-7
What is 3 - (42 + -20 - 16)?
-3
-1 + (0 - 1) - (-80 + 84)
-6
What is 3 + 21 + (-26 - -1)?
-1
What is the value of 7 + 5 + -14 - 6?
-8
What is 9 - (6 + -6 - -5)?
4
What is 16 + -36 + (3 - -5) + 29?
17
Evaluate -5 + (-51 - -44) + (-1 - 5) + 6.
-12
What is -5 + (0 - 5) - (-2 + 4)?
-12
Calculate ((-4 - -15) + -9 - -1) + -14.
-11
What is (4 + (-5 + 0 - -1) - -1) + 0?
1
Evaluate 140 + -156 - (-4 - 4).
-8
Evaluate -18 - (0 - 12) - (8 + 1).
-15
What is the value of -9 + (11 - 4 - (-12 - -4))?
6
Evaluate (-5 - 10) + -1 - -5.
-11
Evaluate -2 - (-48 - -28) - 39.
-21
Calculate (-3 - 6 - -2) + 8.
1
What is the value of -1 + -19 - (11 + -25 + (23 - 15))?
-14
Calculate -10 - (-18 - 24) - 13.
19
Calculate -13 + (-8 - (22 + -14 - 9)).
-20
Calculate 5 - 0 - (-340 + 347).
-2
What is (-12 - -41) + 2 + -11 - 0?
20
What is the value of (-11 - -13) + 9 - 10?
1
-5 - 23 - -17 - 3
-14
What is the value of -2 + 30 + -6 + 1 + -6?
17
Calculate -6 + (6 - -20) + -10.
10
Evaluate -8 - ((-10 - -20) + -1 - (3 + 1)).
-13
Evaluate 20 - (29 + 0 - -28).
-37
What is the value of -44 + (7 - (13 + -11)) + 11?
-28
What is the value of 6 + -1 + (15 - 3 - (10 - 4))?
11
What is the value of -3 + 1 + (-9 - 4) + 5?
-10
What is the value of 16 + -35 + 3 + 4?
-12
Calculate -18 + (-4 - (5 - 10) - 8) + 16.
-9
Evaluate 879 + -912 - (-2 - 47).
16
Calculate -25 - (-20 + (-10 - 10)).
15
Calculate (6 - (-3 + 13 + -2)) + 4 - 5.
-3
What is the value of (21 - -13 - 4) + 17 - 20?
27
Calculate 1 + 2 - (-10 + 2) - 4.
7
Calculate -14 - (0 - (-6 - -20)).
0
Evaluate 0 - (-2 - (-5 - (-10 - -5))).
2
What is (4 - 0 - -14) + -10 - (0 - 0)?
8
What is 5 + -26 - (-19 + 5 + 12) - -2?
-17
Evaluate 126 + -69 + -27 + -1.
29
What is -2 + (2 - (2 - 16)) + (39 - 43)?
10
Calculate -21 - (-15 - (-37 + 48)).
5
What is (-7 - 1) + 4 - 0?
-4
What is -32 + 1 - (16 + -64)?
17
What is -3 - 2 - (-3 + -5) - (14 + 0)?
-11
Calculate (0 - 1) + -26 + 8.
-19
Evaluate (-1 - -1) + (14 - (-8 + 26)).
-4
What is 2 + -9 + -1 + 1 + 67 + -57?
3
Evaluate -29 + -18 + 35 + -12.
-24
Evaluate (-20 - -34 - (-3 + 10)) + 12.
19
What is 6 + 17 + -15 + (2 + -2 - 2)?
6
What is the value of 16 - 8 - (0 + 2) - 17?
-11
Calculate (10 - (25 + -13)) + (9 - 1) + 1.
7
What is -10 - (2 + 12 + -27)?
3
Evaluate (8 - 2) + (3 - 8 - 3) + -1.
-3
Evaluate -10 + 0 + -5 + 36 + -38.
-17
7 + 13 + -8 - (21 + -1)
-8
Evaluate (-2 - -11) + (14 - 36) + 5.
-8
What is the value of -5 - -32 - 11 - (1 - (-1 + 5))?
19
Calculate -3 - 1 - ((9 - -1) + (3 - 0)).
-17
-1 + -2 + (-12 + 8 - -25) + 1
19
What is the value of 11 - -6 - (38 + -6)?
-15
Calculate -36 - 10 - (12 - 37).
-21
What is 10 + -11 + (-12 - -23)?
10
-4 + 18 + 3 - 6
11
Evaluate (-14 - (-11 + -24)) + -14.
7
What is the value of 11 + -21 + 12 + 3?
5
Calculate 3 + -8 + (14 - 12) + -9 + 0.
-12
What is the value of -3 + (11 - 1 - -3)?
10
Calculate 17 - 7 - (3 - -6 - -2).
-1
Calculate (-5 - -5) + -14 - -3.
-11
Calculate -27 - ((24 - 43) + -2).
-6
What is -29 - (-22 + 6 - -1)?
-14
-6 + (-3 - (5 - -3 - 11))
-6
What is (0 - -9) + 1 - (38 - (141 - 81))?
32
Calculate 3 + 2 + 8 + -11.
2
-6 + (-35 - -11 - ((-2 - -2) + -10))
-20
What is (6 - (3 + -6 + (0 - -3))) + -7?
-1
What is 0 + (-369 - -370) + 16 + -1?
16
What is -42 - ((0 - -28) + -50)?
-20
What is -1 - 10 - (-33 + 22 - -3)?
-3
(-132 - -111) + 22 + -1
0
(5 - (10 - (12 - 5))) + (13 - -2)
17
Calculate 4 + -12 - -6 - (20 + -9 - -9).
-22
Calculate (-2203 - -2147) + (29 - 1).
-28
Evaluate (-1 - 1) + ((3 - 37) + 17 - -15).
-4
What is the value of 15 + (-7 - ((-14 - -6) + 9)) + -4?
3
20 + 1 + (203 - 206)
18
What is the value of -8 - (-3 - 4) - (12 + -10) - 11?
-14
34 + (-3 + -1 - (1 + 6))
23
(-6 - -4 - (-1 - -3)) + (0 - -7)
3
What is the value of 9 + -29 + 14 + 16?
10
What is the value of 8 - (28 + 27 + -69)?
22
What is the value of (-8 + 4 - (-2 + (-1 - 2))) + 0?
1
Evaluate -9 - (9 + -10 + -6 - -10).
-12
What is the value of 9 + 8 + (0 - (-9 - -13))?
13
Evaluate -26 + (-24 - -61) - (-12 + 2).
21
Evaluate 15 - (-167 + 150 + -1 + 10).
23
-11 + 0 - (-7 - (-2 + -5))
-11
22 + -41 + (-9 - -4 - -15)
-9
What is -39 - -49 - (-2 - -30)?
-18
Evaluate -1 + -5 + (-5 - (3 + -2 - -5)).
-17
What is (-5 - 4) + (0 + -5 + 3 - -9)?
-2
Evaluate -17 - -32 - 0 - 14.